19. What is the remainder when 35 is divided by a?
16
Suppose -5*b + 10 = -15. Suppose 0*n + 6 = n + m, -n + 2*m = 3. Suppose -b*v - n = -228. What is the remainder when v is divided by 16?
13
Suppose -h + 10 = 4*h. Suppose 12 = -11*f + 45. Calculate the remainder when f is divided by h.
1
Let i(y) = 4*y**2 + y + 3. Let n(x) = -x. Let s(b) = i(b) - 2*n(b). Let w be 0/2 - (-9 + -1)/(-5). What is the remainder when 23 is divided by s(w)?
10
Let n be (-3 - -1)/(4/(-118)). Let q be -1*1 + -3 - (-202 - -235). Let d = n + q. What is the remainder when d is divided by 6?
4
Let q be (54/(-15))/((-8)/20). What is the remainder when (2 + -1)/(q/117) is divided by 3?
1
Let z(d) = -d**2 + 12*d - 8. Let x be z(11). Suppose -3 = -3*k, b - x*k - 97 = -4*b. Calculate the remainder when 29 is divided by b/2 - 0/(-2).
9
Let p = 147 - 125. Suppose -5*y = -y + n + 140, 2*y = -n - 70. Let o = p - y. What is the remainder when o is divided by 10?
7
Suppose -12*j + 186 = -11*j. Calculate the remainder when j is divided by 65.
56
Suppose -7*k = -2*k - 5*q + 30, k + 18 = 5*q. Suppose -7*i = -6*i - 30. Calculate the remainder when i is divided by 9 - k - (1 - 0).
8
What is the remainder when 217 is divided by (156/(-26))/((-4)/34)?
13
Let s be (4/(24/(-393)))/((-1)/2). Let w = 203 - s. What is the remainder when w is divided by 37?
35
Let a be 1/2 - 30/16*28. What is the remainder when 4*1 - (a + (-15)/5) is divided by 15?
14
Let b = -1286 + 1289. Let m = -13 + 29. Suppose -4*p + 6*p = m. What is the remainder when p is divided by b?
2
Suppose -44 = 6*x - 4*x. Let f = 9 - x. Suppose -11 = -3*d + 40. Calculate the remainder when f is divided by d.
14
Let w = -30 - -33. What is the remainder when 68 is divided by (-23)/(w*(-2)/6)?
22
What is the remainder when (-1 + 20)*(25 - -45) is divided by 36?
34
Let c(g) = g**3 + 2*g**2 + g + 2. Let q be c(-2). Let b = q + 6. Let y = -145 + 162. What is the remainder when y is divided by b?
5
Suppose 0 = -2*p + 3*o + o + 12, 0 = 4*p - o - 10. Let z(h) = p*h - 11*h - 10 - h - 4. What is the remainder when z(-7) is divided by 20?
16
Suppose 35 - 59 = -2*h. What is the remainder when h is divided by 3?
0
Suppose -146 = -6*c + 70. What is the remainder when c is divided by 3?
0
Let u be 12*(14/4 + 1). Calculate the remainder when (-2)/10*u*-5 is divided by 19.
16
Suppose -126 = 42*x - 48*x. What is the remainder when 34 is divided by x?
13
Suppose 78*l = 9*l - 12*l + 2754. Suppose -135 = -5*a + 3*o - 42, 3 = -3*o. What is the remainder when l is divided by a?
16
Calculate the remainder when (-6)/21 - 652/(-28) is divided by 19.
4
Calculate the remainder when 422 is divided by -1*12/(-22) - (-1883)/77.
22
Suppose 0 = 3*i - 3, 111*i = -5*p + 107*i + 594. What is the remainder when p is divided by 17?
16
Suppose -b = 3*k - 131 - 216, -4*b + 583 = 5*k. What is the remainder when k is divided by 30?
25
Let p(h) = -3*h**2 + 29*h - 6. Calculate the remainder when 239 is divided by p(9).
11
Let p = -22 + 36. Suppose 41 = 7*m - 15. What is the remainder when ((-212)/m)/(-2*2/8) is divided by p?
11
Let x = 0 - -6. Let n(t) be the first derivative of 2*t**3/3 - 2*t**2 + 6*t - 3. What is the remainder when n(x) is divided by 14?
12
Let f(d) = -3*d + 22. Let p be f(5). Suppose -78 = -13*a + p*a. What is the remainder when 75 is divided by a?
10
What is the remainder when 149 is divided by 70/(-10)*1 + 29?
17
Suppose q + 0*q - 3*n = 9, 0 = -2*n + 2. What is the remainder when 155 is divided by q?
11
Let k(g) = g**3 + 11*g**2 - 7*g - 11. Let a be k(-7). Let d = -182 + a. Suppose -64 = 4*r - 172. What is the remainder when d is divided by r?
25
Suppose 11*u - 41 - 135 = 0. Calculate the remainder when 29 is divided by u.
13
Suppose -16*d + 21*d = 20. Calculate the remainder when 22 is divided by d.
2
Let g = 32 + -37. Let b = 24 + g. What is the remainder when 29 is divided by b?
10
Let u(x) = x + 2. Let q be u(0). Suppose 3*y = q*y + 6. Let h = 6 + y. What is the remainder when 47 is divided by h?
11
Let q = -8 - 35. Let n = q - -52. Calculate the remainder when n is divided by 3.
0
Let w be 4/(-6) + 352/24. Let v = -11 + w. Let u = 13 + -9. What is the remainder when u is divided by v?
1
Suppose 0 = -4*c + 19 + 53. Suppose -4*i - i = -40. Suppose -3*w = o - 157, w + i - 75 = -4*o. What is the remainder when w is divided by c?
15
Let b(r) be the first derivative of 11/2*r**4 - 5 + 0*r**3 + 0*r - 1/2*r**2. What is the remainder when 61 is divided by b(1)?
19
Suppose -2*w + 170 = 5*j - 3*w, -w + 145 = 4*j. Suppose -3*r + 101 = -2*r. What is the remainder when r is divided by j?
31
Suppose 4*i - 24 = -0*i. Let h = 15 - i. What is the remainder when 48/(-10)*(-5 - 0) is divided by h?
6
Let q = 895 - 877. Calculate the remainder when 424 is divided by q.
10
Let n(m) = -m**3 - 4*m**2 - 5. Let x be n(-5). What is the remainder when x/25 + (-342)/(-10) is divided by 1/3*3 - -8?
8
Suppose 4*a = g - 63, 40*g + 28 = 41*g + 3*a. Calculate the remainder when g is divided by 26.
17
Let v be 8/12 - 363/(-9). Suppose v - 1 = 4*z. What is the remainder when 19 is divided by z?
9
Let h = -17 + 24. Suppose h*t = 5*t + 98. Calculate the remainder when t is divided by 4/(39/(-15) + 3).
9
Suppose -6 = 10*l - 7*l. What is the remainder when 52 is divided by l/(-4)*(25 + 3)?
10
Suppose -153*a + 155*a - 3114 = 0. Calculate the remainder when a is divided by 41.
40
Let a(u) = -u - 1. Let s be a(-7). Suppose s*f - f = -30. Let k = f + 14. What is the remainder when 22 is divided by k?
6
Let u(z) = 7*z**2 + 2*z - 2. Let s be u(-2). Calculate the remainder when (-86)/6*(19 - s) is divided by 11.
10
Let d(u) be the second derivative of u**4/6 - u**3/2 - 5*u**2/2 + 3*u - 1. Let b be -2*2*(1 - 0). What is the remainder when d(b) is divided by 10?
9
Suppose -3*k + 5*f = -181, 0*k - 2*f = -5*k + 289. Let r = k - 14. Calculate the remainder when r is divided by 11.
10
Let s(h) = -h**2 + 27*h + 35. What is the remainder when 243/6 - 1/2 is divided by s(28)?
5
Suppose 5*c + 3*q - 51 = 7, c - 5*q - 34 = 0. Calculate the remainder when 64 is divided by c.
8
Suppose 0 = y + 2, 5*w - 4*y - y - 85 = 0. Let s be 25/(-10)*(-260)/2. Suppose s = 4*q + 97. Calculate the remainder when q is divided by w.
12
Let b = 1064 + -1025. What is the remainder when 419 is divided by b?
29
Suppose 0 = -4*s - 5*t + 33, 4*t - 22 = -2*s + s. Suppose 3*j + 4 = -5*i + 12, 0 = -i + s*j + 12. What is the remainder when 10 is divided by i?
2
Suppose 26 = 3*n - u, 12 = 5*n + 5*u + 2. Suppose -5*i - 60 = -n*i. Calculate the remainder when i is divided by 8.
6
Let l(y) = 3*y**2 + 5*y + 19 + 13 - 36 + 9. Calculate the remainder when l(-3) is divided by 7.
3
Let i be (-22)/(-8) - (-14)/56. Calculate the remainder when 69 is divided by 23 - (i - (1 - 2)).
12
Suppose -19*v + 6*v = -377. What is the remainder when 80 is divided by v?
22
Let l(x) be the third derivative of x**5/60 + x**4/24 + x**3/3 + 11*x**2. Let t be l(2). Calculate the remainder when 30 is divided by t + -1 + 4 + 0.
8
Let j = 59 - 55. Suppose -k - 6 = -2*q, -3*q - 5*k + 0 = j. What is the remainder when 6 is divided by q?
0
Let r(x) be the first derivative of -3*x**4/4 + 2*x**3 + 9*x**2/2 + 3*x - 84. Calculate the remainder when ((-2)/(-4))/((-2)/(-520)) is divided by r(-2).
31
Suppose 209*x = 214*x - 170. Calculate the remainder when 90 is divided by x.
22
Let r(v) = v**3 + 7*v**2 + 5*v + 7. Suppose 4*d = 18 + 30. Let n = d + -7. Calculate the remainder when r(-6) is divided by n.
3
Let f = -11 - -18. What is the remainder when 38 is divided by (5/3)/(((-35)/(-15))/f)?
3
Let y(k) = k**2 - 5*k - 4. Calculate the remainder when y(7) is divided by -2 + 0 - (-16)/2.
4
Suppose 2*t - 95 = 119. Let d = -71 + t. Suppose -d = -x - 2*x. What is the remainder when 46 is divided by x?
10
Suppose 0 = 4*y - 7*y + 99. Suppose 14 - 4 = 2*o. What is the remainder when y is divided by o?
3
Suppose 30*j = 39*j - 1413. What is the remainder when j is divided by 41?
34
Let x = 127 + -83. What is the remainder when 351 is divided by x?
43
Suppose -46 = -13*h + 12*h. Suppose 6*g = 3*g + 39. What is the remainder when h is divided by g?
7
What is the remainder when 191 is divided by (-4784)/(-312) + 1/(-3)?
11
Suppose 2*g + 2*z = 30, 4*g - 3*z = 2*g + 55. Calculate the rem